1). Let c(l) = l**3 - 10*l**2 + 9*l + 4. Let z be c(x). What are the prime factors of ((32/(-5))/(-8))/(z/70)?
2, 7
Suppose 3*k - 27*l + 32*l + 104 = 0, 3*l = 4*k + 158. Let t(v) = -v**2 - 43*v - 24. What are the prime factors of t(k)?
2, 83
Let z = 17749 + -4776. List the prime factors of z.
12973
Suppose -6*v + 160 = -16*v. Let t(m) = m**3 - 10*m**2 + 10*m - 8. Let i be t(9). List the prime factors of (-4)/v*(i + 19).
5
Let b = -77 - -4243. What are the prime factors of b?
2, 2083
Suppose -5*k + l = 16, 0 = -4*k + l - 1 - 12. Let a(d) = 0*d + 5*d - d**2 - 4*d - 7*d**3 + 3*d + 1. List the prime factors of a(k).
13
Suppose -5*n + 5 = i - 7, -3*n - 2*i = -10. Suppose -6*j + 3*j - 99 = -f, 0 = -n*j + 8. What are the prime factors of f?
3, 37
Suppose -q + 124 = q. Let p(b) = 3*b**2 - 32*b + 36. Let z be p(8). Let n = q - z. What are the prime factors of n?
2, 3, 5
Suppose 4*k + 20 = 0, 4*o - 42208 + 1467 = k. Suppose -706 - o = -18*n. List the prime factors of n.
5, 11
Let g = 38756 - 14130. What are the prime factors of g?
2, 7, 1759
Let z be -5*(-4 + 1) + -4 + 4. Suppose 162 = -z*s + 6*s. What are the prime factors of (s/(-5))/((-22)/(-55))?
3
Let m(v) = 45*v**2 - 4. Let a(x) = 2 - 6 + 45*x**2 + 1. Let l(d) = 4*a(d) - 3*m(d). What are the prime factors of l(-1)?
3, 5
Suppose -16*z + 111802 = -13*z + 4*u, 5*z = -4*u + 186350. List the prime factors of z.
2, 18637
Let m = 76196 - 33874. What are the prime factors of m?
2, 7, 3023
Suppose 5*d = 10, -50 = -2*l + 3*d - 8*d. Suppose -l*c = -15*c - 135. What are the prime factors of (c/6)/((-3)/(-54))?
3
Let y = 909 + 628. What are the prime factors of 20/30 - y*(-1)/3?
3, 19
Suppose -526*r = -518*r - 9968. What are the prime factors of r?
2, 7, 89
Let d be 147/(-6)*((-126)/49 - -2). Let h be -3*1*(-4 + -86). Suppose -d*w = -17*w + h. What are the prime factors of w?
2, 3, 5
Suppose 60 = 6*p + k + 382, -2*p - 110 = -k. Suppose h = -5*u - 3*h + 402, -5*h - 256 = -3*u. Let v = u + p. What are the prime factors of v?
2, 7
Let t(w) = 10*w**2 + 247*w - 105. List the prime factors of t(31).
2, 8581
Suppose -151*m + 152*m - 7590 = 4*y, 5*m + 3*y = 37835. List the prime factors of m.
2, 5, 757
Suppose 3*h = -5*k + 4*h + 7, -3*h = 2*k + 4. What are the prime factors of (2 - (-334)/8)*(k + 7)?
2, 5, 7
Let h = -367 + 221. Let t = 373 + h. List the prime factors of t.
227
Let h = -32 - -56. Suppose 11639 = h*w - 1873. What are the prime factors of w?
563
Let b(r) = 2*r**3 - 8*r**2 + 44*r - 24. Let z be b(18). Suppose z = 18*q + 2*q. What are the prime factors of q?
2, 3, 41
Suppose 20 = -l + 6*l, -j + 88 = 4*l. Let x(s) = s + 2. Let m be x(-6). Let w = j - m. What are the prime factors of w?
2, 19
Let y(o) = 453*o - 4. Let a = 169 - 168. What are the prime factors of y(a)?
449
Suppose 150*v - 1045231 = 37769. List the prime factors of v.
2, 5, 19
Suppose -2*y - 4*h = -28, 4*h - 4 = -6*y + 10*y. Suppose 0 = a - y + 3, -84 = -c + a. Suppose 2*k - c - 83 = 0. List the prime factors of k.
2, 3, 7
Suppose 435*o - 431*o = 3036. What are the prime factors of o - (5 - (-2 + 10))?
2, 3, 127
Let m be 48/4*(-171)/(-12). Let u = 157 - 155. Suppose -u*w + 334 = -0*c + 4*c, -m = -2*c + 3*w. What are the prime factors of c?
2, 3, 7
Suppose 16*n - 41733 = 174619. List the prime factors of n.
2, 6761
Let c(d) = 55*d - 5. Let x be c(7). Let s(n) = 2*n**2 + 9*n - 10. Let k be s(-6). Suppose -k*u = -13*u + x. What are the prime factors of u?
2, 19
Suppose z - 5 + 16 = -4*i, -3*z + 19 = -i. Suppose -h = -5*k - 1 + 3, 5*h = -z*k + 20. Suppose 10*s = h*s + 980. List the prime factors of s.
2, 5, 7
Suppose -48*t = -43*t - 10030. Suppose 19 + t = 27*o. What are the prime factors of o?
3, 5
Let l(y) = 9*y**2 - 5*y - 4. Suppose -78*g + 75*g = 24. List the prime factors of l(g).
2, 3, 17
Let c be 8/(-36) + (130/18 - 3). Suppose m + 5*z = 3*z + 106, 4*m + c*z = 436. Let g = 138 - m. What are the prime factors of g?
2, 13
What are the prime factors of (2 - -2*86)*(-1176)/(-48)?
3, 7, 29
Let i(h) = 2590*h**2 + 261*h + 795. List the prime factors of i(-3).
2, 3, 13, 23
Let w = 82 - 73. Suppose w*i = 12*i - 1062. What are the prime factors of i?
2, 3, 59
Suppose 39424 = 17*t + 5*t. Suppose f + 4*g - 448 = 0, 16*f - t = 12*f - 2*g. List the prime factors of f.
2, 7
Let x(t) = 67*t + 7. Let y be x(2). Let q = -40 + y. Suppose -2*h - 15 + q = 0. List the prime factors of h.
43
Let b be (144/30 + -2)*985. Suppose -3*j + r = -b + 702, 2*r + 2738 = 4*j. What are the prime factors of j?
3, 229
Let s(b) be the second derivative of 38*b**3/3 - 6*b**2 - b - 8. What are the prime factors of s(6)?
2, 3, 37
Suppose 87*p = 4675040 - 674345. List the prime factors of p.
5, 17, 541
Suppose 13*s = -4*v + 12*s + 3640, -4*s = -3*v + 2749. List the prime factors of v.
911
Let k = -475 + 724. Let s = k - -374. List the prime factors of s.
7, 89
Suppose -5*b = 13*z - 15*z + 1064, 0 = -4*z + 4*b + 2152. Suppose 3*i - 4*i = -w - z, 0 = 2*i + w - 1078. List the prime factors of i.
2, 3, 5
Let n(p) = 1174*p**2 + 2*p - 1. Let m be n(2). Suppose 0 = 3*h + 3*z - 4*z + 3524, 0 = -4*h + z - m. List the prime factors of 4*3/(-15)*h/10.
2, 47
Let d = -204 - -49. Let a be 2/(-2) - d - -2. Suppose 3*k + k - a = 0. What are the prime factors of k?
3, 13
Let v be (-21)/(-4) + 2/(-8). Suppose -v*m - 16 = -121. Suppose 16*o + 150 = m*o. List the prime factors of o.
2, 3, 5
Let l be (-385)/(-99) + -4 - (-28)/9. Let k(i) = 42*i**2 + 15. What are the prime factors of k(l)?
3, 131
Suppose 0 = 3*k - x + 4 - 15, 3*k + 2*x - 23 = 0. Suppose -k*h - 18*n = -23*n - 2400, 0 = h + 3*n - 500. What are the prime factors of h?
5, 97
Let c(d) = -d**3 + 80*d**2 - 240*d + 216. What are the prime factors of c(76)?
2, 5, 127
Let f be (-2)/(-6) - (-2 + (-31)/(-3)). Let g be (-2 - -1) + (-2)/(f/492). Suppose -v = 45 - g. List the prime factors of v.
7, 11
What are the prime factors of (546805/(-68))/(-5)*(-4)/(-1)?
7, 919
Let x be 17670/40 - 3/4. Suppose -14*h = -2681 - x. List the prime factors of h.
223
Let u(i) = -i**2 + i - 11. Suppose -41*l = -46*l. Let g be u(l). Let v = g + 45. List the prime factors of v.
2, 17
Let c be 326 + (-1 - 4)/5. Let t = 528 - c. List the prime factors of t.
7, 29
Let s(r) = -3*r**3 - 47*r**2 + 22*r. Let b be s(-22). Suppose 0 = 15*a - b - 933. List the prime factors of a.
643
Suppose 0 = 28*j - 35*j + 63. List the prime factors of 3/18*-4 - (-5991)/j.
5, 7, 19
Suppose 28616 - 65094 = -20*n + 121842. What are the prime factors of n?
2, 1979
Let p = 346 - 346. Suppose p = -10*t + 7*t + 2565. What are the prime factors of t?
3, 5, 19
Let c(r) = -4*r + 257. Suppose k - 2 = d - 0*k, -5*k + 10 = 4*d. Let b be c(d). Suppose 1505 = 12*a + b. What are the prime factors of a?
2, 13
Let l = 99 + 1698. Let v = l - 1001. What are the prime factors of v?
2, 199
Let k(x) = 2*x - 4*x - 21 - 5*x. Let f be k(-3). Suppose 12*i + f*i = 2088. What are the prime factors of i?
2, 3, 29
What are the prime factors of 4/(((-2)/(-56)*-2)/(18162/(-63)))?
2, 1009
Let a be (1650/9)/((-88)/48 + 2). Let r = -497 + a. What are the prime factors of r?
3, 67
Let y = 5484 - 2739. List the prime factors of y.
3, 5, 61
Let h = 3916 + -2485. Let u = 2221 - h. What are the prime factors of u?
2, 5, 79
List the prime factors of 162/(-45) + 5 + (154148/5 - 5).
2, 15413
Let d(u) = -250*u - 602. What are the prime factors of d(-5)?
2, 3
Suppose 2*f = -4*z - 2506, 19*f = -4*z + 23*f - 2488. Let w = z + 1720. What are the prime factors of w?
3, 5, 73
List the prime factors of (((-112)/20)/(-14))/(5/453075).
2, 3, 7, 863
Suppose 2*z + 11892 = 14*z. Suppose 4*r - z = -3*f, -2*r - 2*f + 7*f + 463 = 0. What are the prime factors of r?
2, 61
Let b be -18 + 16 + (2 - -3) - -3679. Suppose -1570 = -13*a + b. What are the prime factors of a?
2, 101
Let g = 3208 + 10612. List the prime factors of g.
2, 5, 691
Let f be 10/(-25) - 17/(-5). Suppose w = -f*w + w. Suppose -c - m + 219 = w, -5*c + 2*m - 333 = -1407. What are the prime factors of c?
2, 3
Let f(a) = a**2 - 4*a - 245. Let d be f(-13). List the prime factors of 961 - (d/8 + -4).
2, 11
Suppose 0 = -25*j + 40*j - 4125. What are the prime factors of j - (2 + -12 - -4)?
281
Let w = -119 + 119. Suppose -9*n + w*n = -1989. What are the prime factors of n?
13, 17
Suppose 